
-11
Let g(z) be the second derivative of z**4/4 - 4*z**2 - 4*z + 506. What is g(2)?
4
Let w(h) = h**2 - h - 2. Suppose -8*q + 6*q + 2 = 0. Suppose n - 4 = -q. What is w(n)?
4
Suppose 6 = 2*r - 4*w, 4*w = -829*r + 833*r - 8. Let a(v) = 3*v + 1 - 2*v - 5*v**2 - 6*v**2 - 2*v. Calculate a(r).
-11
Let g(x) be the third derivative of -41*x**4/24 + 12*x**3 + 4447*x**2. What is g(2)?
-10
Let f(b) be the second derivative of b**5/20 - 5*b**4/12 + b**3/2 + 2*b**2 + b. Let a be (-92 - -90 - 1/(8/(-22)))*4. Calculate f(a).
-5
Let r(n) = n + 6*n - n**2 + 2 + n. Let l(k) = -4*k + 53. Let b be l(-11). Suppose 13*v + 19 = b. Determine r(v).
14
Suppose 5*n + 4*w = 4, -3*n + 0*n + 32 = -5*w. Suppose -n*x + 48 = 4*p, x + 3*p = 6 + 6. Suppose 7*f + 30 = x*f. Let v(d) = 3*d - 5. What is v(f)?
13
Let s(r) = -59*r + 142. Let t be s(12). Let q = -575 - t. Let v(d) = -d**3 - 8*d**2 + 8*d + 2. Give v(q).
11
Let a = -5143 - -5167. Let j(z) = -3*z + 82. What is j(a)?
10
Suppose 5*x = x - 80. Let n = x + 25. Let q(a) be the second derivative of -a**4/12 + a**3/3 + 3*a**2/2 + 2*a. What is q(n)?
-12
Let d(h) = h**2 - 11*h + 8. Let i = -11388 - -11400. Let b(f) = -10*f**2 + f**3 + 9 - 2*f**2 - 1. Let a be b(i). Give d(a).
-16
Let f(m) = m**2 + 3*m + 6. Let b = 889 + -892. What is f(b)?
6
Let o(p) be the first derivative of p**3/3 + 4*p**2 + 2*p + 22976. Let t(y) = y**3 - 3*y**2 - 4*y + 3. Let c be t(3). Determine o(c).
11
Let u be ((-12)/(-9))/((224/360)/7). Let r(z) = -56*z - u + 0 + 59*z. Calculate r(11).
18
Let t(k) = -k**3 + 5*k**2 - 2*k - 12. Let w be (-12)/(-5) + 400/250. Calculate t(w).
-4
Let d be (8/(-4))/(4/(-10)). Suppose -2*s + 9 = -3. Let h be 2 + (-6)/(s/d). Let z(b) = -b - 1. What is z(h)?
2
Let u(w) = w**2 - 2*w - 5. Let c be (-98)/(-3) + (0 - 6/(-18)). Let n be (8/3)/(22/c). What is u(n)?
3
Suppose -24*p + 20*p = 47*p. Let a(j) = j**3 - j**2 + j - 16. Calculate a(p).
-16
Let j(d) = 3*d**3 - 2. Let t(y) = -17*y**3 - 26*y**2 + 43*y + 136. Let o(z) = 6*j(z) + t(z). Give o(24).
4
Let k = -15 + 18. Let c(b) = 1 - 4 - 3*b + 2 - b + b**k + b**2. Let w be 5 - (-38)/(-4) - (-3)/2. Give c(w).
-7
Let n(i) = -i + 6. Suppose 2*x + 445 + 551 = 0. Let q be x/30 - (-2)/(-5). Let o = -17 - q. Give n(o).
6
Let v = -8587 - -8594. Let q(h) = -2*h**2 + 11*h + 25. Determine q(v).
4
Suppose 6478 = -32*p + 6190. Let l(u) = -u + 12. What is l(p)?
21
Let h(t) be the first derivative of -t**4/4 - 2*t**3/3 + 7*t**2 - 10*t - 1752. Determine h(-5).
-5
Let f(i) = i**3 - 9*i**2 - 9*i - 6. Let c be (-2)/(-6)*72/8. Suppose c*n + 36 = -30. Let b be (-77)/n*20/7. Give f(b).
4
Let z(p) = -25*p + 10. Let y(g) = 28*g - 12. Let r(h) = -6*y(h) - 7*z(h). Let v be 0 - (-2 + (1 - 1)). Suppose -w + m - v*m = 2, 4*w - 5*m = -8. Calculate r(w).
-12
Let y(z) = -4*z + 2*z - 19 - z. Suppose -2*t + 5*h - 72 = 0, 41 = -t + 4*h - 13. Determine y(t).
-1
Suppose 61*d = 50*d - 22. Let t(n) = -n - 4. What is t(d)?
-2
Let u(c) be the first derivative of c**4/4 + 9*c**3 - 33*c**2/2 - 146*c + 3213. What is u(-28)?
-6
Let m(y) = -y + 4. Suppose -l = -3*c + 89, -41*l = 3*c - 38*l - 81. Determine m(c).
-25
Suppose 2*x = -2*x + 24. Let o(t) be the second derivative of 1/12*t**4 + 0 - 3*t**2 - 2/3*t**3 - 177*t. Determine o(x).
6
Let r(u) = -u**3 - u**2 - u - 8. Let s(d) = -11*d**3 - 13*d**2 + 2*d - 48. Let w(i) = 10*r(i) - s(i). Calculate w(-5).
-22
Let d(z) = -z**2 - 22*z - 95. Let r be d(-15). Suppose 0 = -j + 4*q + 16, -17*q + 22*q = -r. Let f(p) = p**3 - 9*p**2 + 9*p - 2. What is f(j)?
6
Let x(u) be the first derivative of -u**3/3 + 7*u**2 - 33*u + 2316. Calculate x(13).
-20
Let y(h) = 2 + 71*h + h**3 - 72*h - 2*h**3 + h**2. What is y(2)?
-4
Let m(q) = -2*q**2 - 5*q - 3. Suppose 0 = 3*x - 19*y + 107, -2*x - 18 = -y - 5. Determine m(x).
-15
Suppose 3*x - 5 = 4*x + 5*u, -2*x = -3*u + 36. Let n = x + 17. Let d(p) = 1 - 4*p + p**2 - 3*p - n + 3*p. Give d(3).
-4
Let q = 3227 + -3205. Let j(w) = w - 30. Give j(q).
-8
Let i(g) be the second derivative of -g**6/120 - g**4/24 + 47*g**3/6 + g**2 - g - 37. Let a(v) be the second derivative of i(v). Calculate a(-1).
-4
Let d(q) be the third derivative of -q**6/120 - q**5/15 + 7*q**4/24 + 2*q**3/3 - 4*q**2. Suppose 130 + 35 = -33*n. Give d(n).
-6
Let t(d) = -3 + d**2 - 9*d - 3 + 17*d. Let j(r) = -3*r**2 + 47*r + 159. Let n be j(-3). What is t(n)?
3
Let t(b) be the first derivative of b**3/3 + 7*b**2/2 - 547*b - 3171. Give t(-27).
-7
Let t(x) = 3*x**3 + 3*x**2 + x - 1. Let o(n) = -n**3 - n**2 - 2. Suppose 13*l + 86 - 138 = 0. Let w(u) = l*o(u) + t(u). Determine w(-3).
6
Let z(v) = 8*v**2 + 10*v - 5. Let m(y) = 7*y**2 + 9*y - 4. Let s(g) = -7*m(g) + 6*z(g). Let u(o) = -o**2 - 3*o + 66. Let x be u(-10). Determine s(x).
-6
Let k = 14 - 1. Let u(n) = 6*n**2 - 8*n - 67. Let o(l) = -5*l**2 + 9*l + 57. Let b(t) = -5*o(t) - 4*u(t). Calculate b(k).
-17
Let i(l) be the first derivative of -l**6/180 - l**5/40 - 5*l**4/24 + 8*l**3 - 121. Let y(a) be the third derivative of i(a). Give y(-4).
-25
Let y(g) = -25*g - 1573*g**2 - 3 + 10*g + 1574*g**2. Let j = 21 + -6. What is y(j)?
-3
Let g(k) = 28*k**2 + 88*k - 54. Let h(w) = 10*w**2 + 32*w - 18. Let m(a) = 6*g(a) - 17*h(a). What is m(-5)?
12
Let l(w) = 2*w - 12. Suppose -31*k = 154*k + 2035. What is l(k)?
-34
Let o(i) = 7*i**2 + 19*i - 10. Let a(c) = 4*c**2 + 9*c - 5. Let z(s) = 5*a(s) - 3*o(s). Let f(j) = -3*j + 17. Let b be f(10). Determine z(b).
-8
Let n(d) = 3*d**3 - 35*d**2 + 2*d - 60. Let m(l) = -2*l**3 + 33*l**2 - l + 60. Let h(b) = -4*m(b) - 3*n(b). Determine h(-27).
-6
Let p = -6 - -4. Let f(o) = 3*o + 116 - 121 - o**3 + 2*o**2 + 2*o. Let t(q) = q**3 - 2*q + 2. Let z(h) = -f(h) - 2*t(h). Give z(p).
3
Let d(q) = 4*q - 5. Suppose -54*t + 47*t = 98. Let a be 2*(-2)/8*t. Calculate d(a).
23
Let u(r) = 1 - 549*r + r**2 + 46*r**3 - 47*r**3 + 549*r. Suppose -3*s - 2*m = 14, 3*s - 2 = -0*m + 2*m. What is u(s)?
13
Let m(g) be the first derivative of 3*g**2/2 + 10*g + 66. Calculate m(-4).
-2
Let x = -4 - -6. Let z(k) = -2087*k + 3*k**2 + 3 + 4166*k - 2*k**3 - 2080*k - 1. Calculate z(x).
-4
Let u(j) = j**2 + 4*j + 3. Let q be -6 + 594/286 + 4/(-52). Calculate u(q).
3
Let p(o) = -2*o**2 + 5*o - 6. Let m(i) = 4*i**2 - 10*i - 84. Let k be m(6). Give p(k).
-6
Let w(z) = -z**2 - 3*z + 42. Suppose 107*a + 2*b + 17 = 112*a, -4 = -4*a + 4*b. Calculate w(a).
2
Suppose -21 = -8*c + 15*c. Let u(x) be the first derivative of -1/3*x**3 - 2*x + 28 - x**2. Determine u(c).
-5
Let f(g) be the second derivative of -2 - 12*g - 1/12*g**4 + 7/6*g**3 + 3/2*g**2. Calculate f(7).
3
Let x(v) = 1454*v - 140 - 735*v - 732*v. What is x(-11)?
3
Let p(c) = c**3 + 9*c**2 - 3*c + 1. Let u = 6162 - 6171. What is p(u)?
28
Let d(n) = 157*n - 1. Let s(a) = 257*a - 2. Let l(v) = -5*d(v) + 3*s(v). Let b be ((-1)/(-2))/((-2)/(-8)). Let g = -3 + b. Determine l(g).
13
Let p(i) = 10*i**3 + 35*i**2 - 9*i + 50. Let s(k) = -3*k**3 - 11*k**2 + 3*k - 16. Let j(c) = 2*p(c) + 7*s(c). Calculate j(-6).
-66
Let d(m) = -25*m**2 + 7*m + 2. Let w(t) = -67*t**2 + 22*t + 9. Let c(s) = 8*d(s) - 3*w(s). Determine c(11).
0
Suppose 3478 = 41*l + 53*l. Let m(w) = w**2 - 39*w + 72. Calculate m(l).
-2
Let j be 2/(-4) - ((-38)/4 - -6). Let z(y) = y**3 - 5*y**2 + 5*y - 2. Let k be z(j). Let l(p) be the first derivative of p**2/2 + 12*p - 8. What is l(k)?
7
Let g be (-13190*1)/(106/(-53)). Let h(f) = -g*f - 5 - 2 + 6593*f + f**2. Give h(5).
8
Let i(c) = 5*c + 5. Let w = 111 + -301. Let z = -194 - w. Determine i(z).
-15
Let m(u) = -33*u**3 - 13*u - 34*u**3 - 20 - 29*u**3 - 21*u**2 - 26*u**3 + 120*u**3. What is m(-10)?
10
Let g(t) be the third derivative of t**6/120 - t**5/10 - t**4/3 + 5*t**3/3 + t**2 + 2*t + 106. Give g(8).
74
Let f(d) be the second derivative of -d**3/3 - 31*d**2/2 - 4215*d. Calculate f(15).
-61
Let y = 12049 + -12043. Let s(b) = 41*b**2 - 245*b - 6. Determine s(y).
0
Let p be 229 - (-4)/(-1 + 3). Let z = 240 - p. Let f(r) = r**2 - 8*r - 11. What is f(z)?
-2
Let w(g) = -g**2 - 11*g - 18. Let x be w(-9). Let v(z) = 2*z**3 + 2*z + 243. Let m be v(x). Let r(t) = -118 + t - 123 - 2*t + m. Calculate r(6).
-4
Let k(g) = 2*g + 3. Let b(c) = -c**3 - 3*c**2 - 7*c - 4. Let v be b(-2). Suppose v = -4*m + m. Calculate k(m).
-1
Let c(o) be the third derivative of -17*o**4/24 - 47*o**3/6 + 239*o**2 - 2. D